23. Let g be 2/d*4*6. Suppose g*u + 5*c - 10 = 62, -5*c = -20. Calculate the greatest common divisor of 65 and u.
13
Suppose -3*p + 311 = -97. Suppose 5*o = -2*o + 10*o. Suppose o = -15*x + 5*x + 170. What is the highest common factor of x and p?
17
Suppose -2*m - 1 + 5 = -q, 4*q - 3*m + 6 = 0. Suppose 3*t - 19 + 115 = q. Let k = t - -88. Calculate the greatest common divisor of 8 and k.
8
Suppose 24 = 2*k - 12. Let q(c) = -c**3 - c + 1. Let j be q(-2). Let a = j - -1. Calculate the highest common divisor of k and a.
6
Let k(t) = 12*t - 5. Let n be k(3). Suppose 3 = 2*a - n. What is the greatest common divisor of a and 17?
17
Suppose -4*b + b = 4*f - 247, -5*b - 2*f = -393. What is the greatest common divisor of 7 and b?
7
Let g be (-148)/(-18) - (-4)/(-18). Let s(x) = 88*x**2 - 13*x + 13. Let b be s(1). Calculate the greatest common factor of b and g.
8
Suppose -434 = 8*v - 10*v. What is the greatest common factor of 31 and v?
31
Let i be (-94)/(-3) + 6/(-18). Let u be 186/(-3*(-3)/9). Calculate the highest common factor of u and i.
31
Suppose -6*g = -3*g - 6, g - 5744 = -2*n. What is the highest common factor of n and 99?
99
Suppose 151 = 10*n - 8*n + g, 322 = 4*n - 2*g. Calculate the highest common factor of n and 39.
39
Suppose -5*i = -c - 1016 - 1064, i - 416 = -5*c. Calculate the greatest common factor of i and 64.
32
Let b(f) = 48*f - 168. Let x be b(4). What is the highest common factor of 312 and x?
24
Let w be ((-9)/(-12) - 1/(-4)) + 44. Calculate the greatest common factor of 60 and w.
15
Suppose 20 = -5*f, -2*t + 214 = 3*t - f. Let v(w) = -2 - 2 + 10 - 2*w. Let a be v(0). What is the highest common divisor of a and t?
6
Let j = -25 + 53. Let q be 4 + 2*(-1)/2. Suppose -2*g + q*l + 171 = 0, 3*l = -5 + 2. Calculate the greatest common divisor of j and g.
28
Let c(t) = t**3 + 12*t**2 + 3*t + 78. Let j be c(-12). What is the highest common divisor of j and 462?
42
Let u = 210 - 144. Let t(o) = 44*o + 1332. Let h be t(-30). Calculate the highest common factor of h and u.
6
Suppose -2*j = -8, -6*j + 5*j = 3*m - 7942. Calculate the greatest common divisor of 54 and m.
54
Let j(p) = 4*p**2 + 2*p - 2. Let n be j(-6). Let h be n/14 - (-26)/(-91). Let c be ((-18)/12)/(1/(-2)). Calculate the greatest common divisor of h and c.
3
Suppose -2*w - 19 = -3*o + 12, -5*w + 27 = 2*o. Suppose k = -o + 39. Let j be (-6 + -22)/((-4)/10). What is the highest common factor of k and j?
14
Let g(v) = 38*v**2 + v. Let i be g(1). Suppose 123 = 3*t - i. Calculate the greatest common divisor of t and 6.
6
Suppose 14*j - 1247 = 13*j. What is the highest common factor of 43 and j?
43
Let l be (-16)/(-48) - 2/(-3). Suppose 0*q + 5*q - h - 16 = 0, -20 = -5*h. Calculate the greatest common divisor of q and l.
1
Suppose 288 = 8*q - 0*q. Let m be (-518)/(-5) + q/90. Suppose 3*p - 37 = l, -2*l = 5*p - 24 - 45. Calculate the greatest common divisor of m and p.
13
Let n be 50*(7 + 75/6). Calculate the greatest common divisor of n and 75.
75
Suppose -4*d + 60 = -5*g, -g + 21 = 25. What is the highest common factor of 180 and d?
10
Let p be (-1 - (-10)/4)/(492/1312). Calculate the highest common factor of 41 and p.
1
Let d = -80 - -100. Calculate the greatest common factor of d and 220.
20
Suppose -4*f = 23 - 31. Suppose 3*r - 246 = -f*b, 3*r = -4*b + 4*r + 478. What is the highest common factor of 10 and b?
10
Let h be (-12*1)/6 - -17. What is the greatest common factor of h and 375?
15
Let q(b) = b**3 - 11*b**2 - 11*b - 4. Let m be q(12). Calculate the greatest common factor of m and 256.
8
Suppose 12*u - 1092 = -9*u. Calculate the highest common factor of u and 442.
26
Suppose 0 = -2*n + n + 9. Let d(q) = -q**3 + 8*q**2 + 8*q + 11. Let l be d(n). Let r be (0 + l)/(2/8). What is the greatest common factor of 1 and r?
1
Suppose -9*d + 676 = 181. Let h = d - 44. Calculate the highest common divisor of h and 22.
11
Suppose 7*b + 36 = 8*b. Let h be (-8)/b + (-634)/(-18). What is the greatest common divisor of h and 385?
35
Let h(c) = c**3 - 37*c + 7. Let j be h(6). What is the highest common factor of j and 13?
1
Let l = -6 - -10. Suppose -l*k - 22 + 46 = 0. Let d(m) = -10*m. Let j be d(-3). Calculate the greatest common factor of k and j.
6
Let t = 73 - 46. Calculate the greatest common divisor of t and 297.
27
Let z(m) = -3*m**3 - 7*m**2 + 13*m + 21. Let x be z(-7). Suppose -3*k + x = 4*k. What is the greatest common divisor of k and 11?
11
Suppose -30*g + 17*g = -2262. Calculate the highest common divisor of 290 and g.
58
Suppose -986 + 3218 = 6*s. Calculate the greatest common divisor of 18 and s.
6
Let t be (-276 + -4)/(-4) + 2. What is the greatest common factor of t and 8?
8
Let m be -2 - 3/((-18)/11802). What is the greatest common divisor of m and 15?
15
Let s(o) = -o**2 + 35*o + 48. Let z be s(32). Calculate the greatest common factor of z and 16.
16
Let b(l) = -2*l + 1. Let y = -25 - -21. Let w be b(y). Suppose h - w = -2*h. What is the greatest common divisor of 12 and h?
3
Let i(j) = j**2 - 14*j + 54. Let c = -169 - -179. Let a be i(c). Let b be 36 - (0 + 0 + 1). What is the highest common divisor of b and a?
7
Let i(o) = o. Let t be i(2). Suppose 0 = -2*x + x + 30. Suppose -2*b = 4*h - x, -5*h - b + 10 = -35. Calculate the highest common factor of h and t.
2
Suppose -4 = -k + 13. Let s(u) = -358*u - 25 + 91 - u**2 + 338*u. Let a be s(-19). What is the highest common divisor of a and k?
17
Let s = 18 - 16. Suppose -s*z - 4 = -0*z, -3*z = m - 3. What is the greatest common divisor of 9 and m?
9
Let a = 47 + -47. Suppose a = 5*i + 5*t - 430, 0 = -2*i - 0*t - 4*t + 174. Calculate the greatest common factor of 34 and i.
17
Let d be (-7)/((-84)/(-8)) + 2/3. Let x be (-15)/(-1) - (d + -1). What is the greatest common divisor of x and 240?
16
Suppose -3*n + 3*h + 88 + 68 = 0, 4*n - 2*h = 216. Suppose u - 24 = -5*x + 20, 2*x = -3*u + 28. Calculate the highest common factor of x and n.
8
Let n be 13/(-1 - (-27)/24). Calculate the highest common factor of 72 and n.
8
Let j = 1227 + -1101. Calculate the greatest common divisor of j and 48.
6
Suppose 25*h - 29*h = -88. Let u(i) = 11*i**2 + i - 2. Let x be u(2). What is the highest common factor of h and x?
22
Let u = 53 + -28. Let q be 315/u - 9/15. What is the highest common divisor of q and 60?
12
Let r be (0 - -2)*21/2. Let q = r + -11. Let c be q + -9 + 25/1. Calculate the highest common divisor of c and 26.
26
Suppose 5*y + 4*i - 287 = 0, i + 272 = 5*y - 0*i. Let o = y - 23. Calculate the highest common factor of o and 128.
32
Let i(l) = 0*l**3 - 13 + 0*l**3 + 15 - 2*l**3. Let h be i(-3). Let g(f) = -f**2 + 10*f - 2. Let m be g(8). What is the greatest common divisor of m and h?
14
Let q be 9/(-9)*(-1 - 1). Suppose -4*d + 88 = -5*y + 4*y, q*y - 97 = -5*d. What is the highest common divisor of d and 7?
7
Let c be (-280)/(-42)*6/4. Suppose 0 = c*s - 4*s - 324. Suppose s = 5*l - 11. Calculate the greatest common divisor of 91 and l.
13
Let x(q) = q - 13. Let b be x(10). Let j(m) = 4*m**2 + 2*m + 7. Let f be j(b). Calculate the highest common factor of 37 and f.
37
Let z(t) = -6 + 6*t - 9 - 17*t**3 + 10*t**2 + 16*t**3. Let d be z(10). Calculate the greatest common factor of 9 and d.
9
Let g = 879 - 504. Calculate the highest common factor of g and 225.
75
Let z = -11 + 5. Let h be (z - -2)/((-4)/12). Suppose 4*x - 10 = 2*q, -2*x + q - 4*q + 17 = 0. What is the greatest common divisor of h and x?
4
Let v(g) = 5*g**2 - 1. Let m be v(-3). Let r be (4/6)/((-3)/252 - 0). Let y = r - -60. What is the greatest common divisor of y and m?
4
Let c(a) = -47*a + 10. Suppose -2*m - 2 = 6. Let u be c(m). Calculate the highest common factor of 18 and u.
18
Let o be (-1 - 92/28)*-14. Let b = 67 - o. Let q be (-2)/8 - 29/(-4). Calculate the greatest common divisor of b and q.
7
Let i = 915 - 890. What is the highest common divisor of i and 15?
5
Let y(u) = u**3 + 11*u**2 - 14*u - 18. Let v be y(-12). Suppose 9 = v*r - 33. Calculate the highest common factor of r and 7.
7
Suppose -578 = 2*k - 19*k. Let g(d) = 5*d - 118. Let w be g(k). Calculate the highest common divisor of w and 26.
26
Suppose 0 = b + 2*b - 6. Let a be -10*(0 - b/4). Suppose 0*v = -3*v - 2*r + 375, -a*r = -2*v + 250. Calculate the greatest common divisor of v and 25.
2